{"id":399,"date":"2023-11-01T12:12:23","date_gmt":"2023-11-01T17:12:23","guid":{"rendered":"https:\/\/aldacogroup.com\/?page_id=399"},"modified":"2024-01-03T13:33:47","modified_gmt":"2024-01-03T18:33:47","slug":"fraccional","status":"publish","type":"page","link":"https:\/\/aldacogroup.com\/index.php\/fraccional\/","title":{"rendered":"Fraccional"},"content":{"rendered":"\t\t<div data-elementor-type=\"wp-page\" data-elementor-id=\"399\" class=\"elementor elementor-399\" data-elementor-post-type=\"page\">\n\t\t\t\t\t\t\t\t\t<section class=\"elementor-section elementor-top-section elementor-element elementor-element-a9d2d2c elementor-section-height-min-height elementor-section-boxed elementor-section-height-default elementor-section-items-middle\" data-id=\"a9d2d2c\" data-element_type=\"section\" data-settings=\"{&quot;background_background&quot;:&quot;classic&quot;}\">\n\t\t\t\t\t\t\t<div class=\"elementor-background-overlay\"><\/div>\n\t\t\t\t\t\t\t<div class=\"elementor-container elementor-column-gap-default\">\n\t\t\t\t\t<div class=\"elementor-column elementor-col-100 elementor-top-column elementor-element elementor-element-699d158\" data-id=\"699d158\" data-element_type=\"column\">\n\t\t\t<div class=\"elementor-widget-wrap elementor-element-populated\">\n\t\t\t\t\t\t\t\t<div class=\"elementor-element elementor-element-f47ece6 elementor-widget elementor-widget-heading\" data-id=\"f47ece6\" data-element_type=\"widget\" data-widget_type=\"heading.default\">\n\t\t\t\t<div class=\"elementor-widget-container\">\n\t\t\t<style>\/*! elementor - v3.17.0 - 25-10-2023 *\/\n.elementor-heading-title{padding:0;margin:0;line-height:1}.elementor-widget-heading .elementor-heading-title[class*=elementor-size-]>a{color:inherit;font-size:inherit;line-height:inherit}.elementor-widget-heading .elementor-heading-title.elementor-size-small{font-size:15px}.elementor-widget-heading .elementor-heading-title.elementor-size-medium{font-size:19px}.elementor-widget-heading .elementor-heading-title.elementor-size-large{font-size:29px}.elementor-widget-heading .elementor-heading-title.elementor-size-xl{font-size:39px}.elementor-widget-heading .elementor-heading-title.elementor-size-xxl{font-size:59px}<\/style><h1 class=\"elementor-heading-title elementor-size-default\">Casas Fraccional<\/h1>\t\t<\/div>\n\t\t\t\t<\/div>\n\t\t\t\t\t<\/div>\n\t\t<\/div>\n\t\t\t\t\t\t\t<\/div>\n\t\t<\/section>\n\t\t\t\t<section class=\"elementor-section elementor-top-section elementor-element elementor-element-546bff9 elementor-section-full_width elementor-section-height-default elementor-section-height-default\" data-id=\"546bff9\" data-element_type=\"section\">\n\t\t\t\t\t\t<div class=\"elementor-container elementor-column-gap-default\">\n\t\t\t\t\t<div class=\"elementor-column elementor-col-50 elementor-top-column elementor-element elementor-element-75bc155\" data-id=\"75bc155\" data-element_type=\"column\">\n\t\t\t<div class=\"elementor-widget-wrap elementor-element-populated\">\n\t\t\t\t\t\t\t\t<div class=\"elementor-element elementor-element-234e00f raven-flip-box--effect-slide raven-flip-box--direction-right elementor-widget elementor-widget-raven-flip-box\" data-id=\"234e00f\" data-element_type=\"widget\" data-widget_type=\"raven-flip-box.default\">\n\t\t\t\t<div class=\"elementor-widget-container\">\n\t\t\t\t\t<div class=\"raven-flip-box\">\n\t\t\t\t\t<div class=\"raven-flip-box__layer raven-flip-box__front\">\n\t\t\t<div class=\"raven-flip-box__layer__overlay\">\n\t\t\t\t<div class=\"raven-flip-box__layer__inner\">\n\t\t\t\t\t\n\t\t\t\t\t\t\t\t\t\t\t<h3 class=\"raven-flip-box__layer__title\">\n\t\t\t\t\t\t\tCasa Albero\t\t\t\t\t\t<\/h3>\n\t\t\t\t\t\n\t\t\t\t\t\t\t\t\t<\/div>\n\t\t\t<\/div>\n\t\t<\/div>\n\t\t\t\t\t<div class=\"raven-flip-box__layer raven-flip-box__back\"\t\t\t>\n\n\t\t\t<div class=\"raven-flip-box__layer__overlay\">\n\t\t\t\t<div class=\"raven-flip-box__layer__inner\">\n\t\t\t\t\t\t\t\t\t\t\t<h3 class=\"raven-flip-box__layer__title\">\n\t\t\t\t\t\t\tCasa Albero\t\t\t\t\t\t<\/h3>\n\t\t\t\t\t\n\t\t\t\t\t\t\t\t\t\t\t<div class=\"raven-flip-box__layer__description\">\n\t\t\t\t\t\t\t(fraccional ) ubicada en San miguel de allende fraccionamiento ventanas -MEXICO <br>(en construccion)\t\t\t\t\t\t<\/div>\n\t\t\t\t\t\n\t\t\t\t\t\t\t\t\t\t<a href=\"https:\/\/aldacogroup.com\/index.php\/contactanos\/\" class=\"raven-flip-box__button elementor-button elementor-size-sm\"\t\t\t\t\t>\n\t\t\t\t\t\tCont\u00e1ctanos\t\t\t\t<\/a>\n\t\t\t\t\t\t\t<\/div>\n\n\t\t<\/div>\n\t\t<\/div>\n\t\t<\/div>\n\t\t\t\t<\/div>\n\t\t\t\t<\/div>\n\t\t\t\t<div class=\"elementor-element elementor-element-84ceedb raven-flip-box--effect-slide raven-flip-box--direction-right elementor-widget elementor-widget-raven-flip-box\" data-id=\"84ceedb\" data-element_type=\"widget\" data-widget_type=\"raven-flip-box.default\">\n\t\t\t\t<div class=\"elementor-widget-container\">\n\t\t\t\t\t<div class=\"raven-flip-box\">\n\t\t\t\t\t<div class=\"raven-flip-box__layer raven-flip-box__front\">\n\t\t\t<div class=\"raven-flip-box__layer__overlay\">\n\t\t\t\t<div class=\"raven-flip-box__layer__inner\">\n\t\t\t\t\t\n\t\t\t\t\t\t\t\t\t\t\t<h3 class=\"raven-flip-box__layer__title\">\n\t\t\t\t\t\t\tCasa Montana\t\t\t\t\t\t<\/h3>\n\t\t\t\t\t\n\t\t\t\t\t\t\t\t\t<\/div>\n\t\t\t<\/div>\n\t\t<\/div>\n\t\t\t\t\t<div class=\"raven-flip-box__layer raven-flip-box__back\"\t\t\t>\n\n\t\t\t<div class=\"raven-flip-box__layer__overlay\">\n\t\t\t\t<div class=\"raven-flip-box__layer__inner\">\n\t\t\t\t\t\t\t\t\t\t\t<h3 class=\"raven-flip-box__layer__title\">\n\t\t\t\t\t\t\tCasa Montana (fraccional)\t\t\t\t\t\t<\/h3>\n\t\t\t\t\t\n\t\t\t\t\t\t\t\t\t\t\t<div class=\"raven-flip-box__layer__description\">\n\t\t\t\t\t\t\tUbicada en El Retiro \u2013 Antioquia \u2013 COLOMBIA<br> (en construcci\u00f3n)\t\t\t\t\t\t<\/div>\n\t\t\t\t\t\n\t\t\t\t\t\t\t\t\t\t<a href=\"https:\/\/aldacogroup.com\/index.php\/contactanos\/\" class=\"raven-flip-box__button elementor-button elementor-size-sm\"\t\t\t\t\t>\n\t\t\t\t\t\tCont\u00e1ctanos\t\t\t\t<\/a>\n\t\t\t\t\t\t\t<\/div>\n\n\t\t<\/div>\n\t\t<\/div>\n\t\t<\/div>\n\t\t\t\t<\/div>\n\t\t\t\t<\/div>\n\t\t\t\t\t<\/div>\n\t\t<\/div>\n\t\t\t\t<div class=\"elementor-column elementor-col-50 elementor-top-column elementor-element elementor-element-30e7149\" data-id=\"30e7149\" data-element_type=\"column\">\n\t\t\t<div class=\"elementor-widget-wrap elementor-element-populated\">\n\t\t\t\t\t\t\t\t<div class=\"elementor-element elementor-element-4c2458d raven-flip-box--effect-slide raven-flip-box--direction-left elementor-widget elementor-widget-raven-flip-box\" data-id=\"4c2458d\" data-element_type=\"widget\" data-widget_type=\"raven-flip-box.default\">\n\t\t\t\t<div class=\"elementor-widget-container\">\n\t\t\t\t\t<div class=\"raven-flip-box\">\n\t\t\t\t\t<div class=\"raven-flip-box__layer raven-flip-box__front\">\n\t\t\t<div class=\"raven-flip-box__layer__overlay\">\n\t\t\t\t<div class=\"raven-flip-box__layer__inner\">\n\t\t\t\t\t\n\t\t\t\t\t\t\t\t\t\t\t<h3 class=\"raven-flip-box__layer__title\">\n\t\t\t\t\t\t\tCasa Dharma\t\t\t\t\t\t<\/h3>\n\t\t\t\t\t\n\t\t\t\t\t\t\t\t\t<\/div>\n\t\t\t<\/div>\n\t\t<\/div>\n\t\t\t\t\t<div class=\"raven-flip-box__layer raven-flip-box__back\"\t\t\t>\n\n\t\t\t<div class=\"raven-flip-box__layer__overlay\">\n\t\t\t\t<div class=\"raven-flip-box__layer__inner\">\n\t\t\t\t\t\t\t\t\t\t\t<h3 class=\"raven-flip-box__layer__title\">\n\t\t\t\t\t\t\tCasa Dharma (fraccional)\t\t\t\t\t\t<\/h3>\n\t\t\t\t\t\n\t\t\t\t\t\t\t\t\t\t\t<div class=\"raven-flip-box__layer__description\">\n\t\t\t\t\t\t\tUbicada en Selva Zama Tulum \u2013 M\u00c9XICO <br>(comenzando construcci\u00f3n)\t\t\t\t\t\t<\/div>\n\t\t\t\t\t\n\t\t\t\t\t\t\t\t\t\t<a href=\"https:\/\/aldacogroup.com\/index.php\/contactanos\/\" class=\"raven-flip-box__button elementor-button elementor-size-sm\"\t\t\t\t\t>\n\t\t\t\t\t\tCont\u00e1ctanos\t\t\t\t<\/a>\n\t\t\t\t\t\t\t<\/div>\n\n\t\t<\/div>\n\t\t<\/div>\n\t\t<\/div>\n\t\t\t\t<\/div>\n\t\t\t\t<\/div>\n\t\t\t\t<div class=\"elementor-element elementor-element-b226019 raven-flip-box--effect-slide raven-flip-box--direction-left elementor-widget elementor-widget-raven-flip-box\" data-id=\"b226019\" data-element_type=\"widget\" data-widget_type=\"raven-flip-box.default\">\n\t\t\t\t<div class=\"elementor-widget-container\">\n\t\t\t\t\t<div class=\"raven-flip-box\">\n\t\t\t\t\t<div class=\"raven-flip-box__layer raven-flip-box__front\">\n\t\t\t<div class=\"raven-flip-box__layer__overlay\">\n\t\t\t\t<div class=\"raven-flip-box__layer__inner\">\n\t\t\t\t\t\n\t\t\t\t\t\t\t\t\t\t\t<h3 class=\"raven-flip-box__layer__title\">\n\t\t\t\t\t\t\tDepartamento\t\t\t\t\t\t<\/h3>\n\t\t\t\t\t\n\t\t\t\t\t\t\t\t\t<\/div>\n\t\t\t<\/div>\n\t\t<\/div>\n\t\t\t\t\t<div class=\"raven-flip-box__layer raven-flip-box__back\"\t\t\t>\n\n\t\t\t<div class=\"raven-flip-box__layer__overlay\">\n\t\t\t\t<div class=\"raven-flip-box__layer__inner\">\n\t\t\t\t\t\t\t\t\t\t\t<h3 class=\"raven-flip-box__layer__title\">\n\t\t\t\t\t\t\tDepartamento (fraccional)\t\t\t\t\t\t<\/h3>\n\t\t\t\t\t\n\t\t\t\t\t\t\t\t\t\t\t<div class=\"raven-flip-box__layer__description\">\n\t\t\t\t\t\t\tUbicado en San Miguel Allende Zona Centro \u2013 MEXICO <br>(terminado)\t\t\t\t\t\t<\/div>\n\t\t\t\t\t\n\t\t\t\t\t\t\t\t\t\t<a href=\"https:\/\/aldacogroup.com\/index.php\/contactanos\/\" class=\"raven-flip-box__button elementor-button elementor-size-sm\"\t\t\t\t\t>\n\t\t\t\t\t\tCont\u00e1ctanos\t\t\t\t<\/a>\n\t\t\t\t\t\t\t<\/div>\n\n\t\t<\/div>\n\t\t<\/div>\n\t\t<\/div>\n\t\t\t\t<\/div>\n\t\t\t\t<\/div>\n\t\t\t\t\t<\/div>\n\t\t<\/div>\n\t\t\t\t\t\t\t<\/div>\n\t\t<\/section>\n\t\t\t\t<section class=\"elementor-section elementor-top-section elementor-element elementor-element-855ce4e elementor-section-boxed elementor-section-height-default elementor-section-height-default\" data-id=\"855ce4e\" data-element_type=\"section\">\n\t\t\t\t\t\t<div class=\"elementor-container elementor-column-gap-default\">\n\t\t\t\t\t<div class=\"elementor-column elementor-col-100 elementor-top-column elementor-element elementor-element-59e8a33\" data-id=\"59e8a33\" data-element_type=\"column\" data-settings=\"{&quot;background_background&quot;:&quot;classic&quot;}\">\n\t\t\t<div class=\"elementor-widget-wrap elementor-element-populated\">\n\t\t\t\t\t\t\t\t<div class=\"elementor-element elementor-element-8501a3c elementor-widget__width-initial elementor-widget elementor-widget-heading\" data-id=\"8501a3c\" data-element_type=\"widget\" data-widget_type=\"heading.default\">\n\t\t\t\t<div class=\"elementor-widget-container\">\n\t\t\t<h2 class=\"elementor-heading-title elementor-size-default\">Adquiere ya tu casa <br>Fraccional<\/h2>\t\t<\/div>\n\t\t\t\t<\/div>\n\t\t\t\t\t<\/div>\n\t\t<\/div>\n\t\t\t\t\t\t\t<\/div>\n\t\t<\/section>\n\t\t\t\t\t\t\t<\/div>\n\t\t","protected":false},"excerpt":{"rendered":"<p>Casas Fraccional Casa Albero Casa Albero (fraccional ) ubicada en San miguel de allende fraccionamiento ventanas -MEXICO (en construccion) Cont\u00e1ctanos Casa Montana Casa Montana (fraccional) Ubicada en El Retiro \u2013 Antioquia \u2013 COLOMBIA (en construcci\u00f3n) Cont\u00e1ctanos Casa Dharma Casa Dharma (fraccional) Ubicada en Selva Zama Tulum \u2013 M\u00c9XICO (comenzando construcci\u00f3n) Cont\u00e1ctanos Departamento Departamento (fraccional) Ubicado [&hellip;]<\/p>\n","protected":false},"author":1,"featured_media":0,"parent":0,"menu_order":0,"comment_status":"closed","ping_status":"closed","template":"elementor_header_footer","meta":{"footnotes":""},"class_list":["post-399","page","type-page","status-publish","hentry"],"acf":[],"_links":{"self":[{"href":"https:\/\/aldacogroup.com\/index.php\/wp-json\/wp\/v2\/pages\/399","targetHints":{"allow":["GET"]}}],"collection":[{"href":"https:\/\/aldacogroup.com\/index.php\/wp-json\/wp\/v2\/pages"}],"about":[{"href":"https:\/\/aldacogroup.com\/index.php\/wp-json\/wp\/v2\/types\/page"}],"author":[{"embeddable":true,"href":"https:\/\/aldacogroup.com\/index.php\/wp-json\/wp\/v2\/users\/1"}],"replies":[{"embeddable":true,"href":"https:\/\/aldacogroup.com\/index.php\/wp-json\/wp\/v2\/comments?post=399"}],"version-history":[{"count":68,"href":"https:\/\/aldacogroup.com\/index.php\/wp-json\/wp\/v2\/pages\/399\/revisions"}],"predecessor-version":[{"id":789,"href":"https:\/\/aldacogroup.com\/index.php\/wp-json\/wp\/v2\/pages\/399\/revisions\/789"}],"wp:attachment":[{"href":"https:\/\/aldacogroup.com\/index.php\/wp-json\/wp\/v2\/media?parent=399"}],"curies":[{"name":"wp","href":"https:\/\/api.w.org\/{rel}","templated":true}]}}